{"id":1612,"date":"2021-05-20T22:51:14","date_gmt":"2021-05-20T22:51:14","guid":{"rendered":"https:\/\/pridewinnipeg.com\/?page_id=1612"},"modified":"2024-03-18T12:37:26","modified_gmt":"2024-03-18T17:37:26","slug":"marketing-and-media","status":"publish","type":"page","link":"https:\/\/pridewinnipeg.com\/f\/marketing-and-media\/","title":{"rendered":"Marketing and Media"},"content":{"rendered":"<div data-elementor-type=\"wp-page\" data-elementor-id=\"1612\" class=\"elementor elementor-1612\" data-elementor-post-type=\"page\">\n\t\t\t\t\t\t<section class=\"elementor-section elementor-top-section elementor-element elementor-element-af20a83 elementor-section-boxed elementor-section-height-default elementor-section-height-default\" data-id=\"af20a83\" data-element_type=\"section\" data-e-type=\"section\">\n\t\t\t\t\t\t<div class=\"elementor-container elementor-column-gap-default\">\n\t\t\t\t\t<div class=\"elementor-column elementor-col-100 elementor-top-column elementor-element elementor-element-e0ad197\" data-id=\"e0ad197\" data-element_type=\"column\" data-e-type=\"column\">\n\t\t\t<div class=\"elementor-widget-wrap elementor-element-populated\">\n\t\t\t\t\t\t<div class=\"elementor-element elementor-element-97bbe9b elementor-hidden-phone elementor-widget elementor-widget-image\" data-id=\"97bbe9b\" data-element_type=\"widget\" data-e-type=\"widget\" data-widget_type=\"image.default\">\n\t\t\t\t<div class=\"elementor-widget-container\">\n\t\t\t\t\t\t\t\t\t\t\t\t\t\t\t<img fetchpriority=\"high\" decoding=\"async\" width=\"1520\" height=\"440\" src=\"https:\/\/pridewinnipeg.com\/wp-content\/uploads\/2021\/06\/Banner-4-2.png\" class=\"attachment-full size-full wp-image-2044\" alt=\"Drag queen at the Pride Festival. Red gradient and spectrum are applied behind them\" srcset=\"https:\/\/pridewinnipeg.com\/wp-content\/uploads\/2021\/06\/Banner-4-2.png 1520w, https:\/\/pridewinnipeg.com\/wp-content\/uploads\/2021\/06\/Banner-4-2-300x87.png 300w, https:\/\/pridewinnipeg.com\/wp-content\/uploads\/2021\/06\/Banner-4-2-1024x296.png 1024w, https:\/\/pridewinnipeg.com\/wp-content\/uploads\/2021\/06\/Banner-4-2-768x222.png 768w, https:\/\/pridewinnipeg.com\/wp-content\/uploads\/2021\/06\/Banner-4-2-16x5.png 16w\" sizes=\"(max-width: 1520px) 100vw, 1520px\" \/>\t\t\t\t\t\t\t\t\t\t\t\t\t\t\t<\/div>\n\t\t\t\t<\/div>\n\t\t\t\t<div class=\"elementor-element elementor-element-1bc8462 elementor-hidden-desktop elementor-hidden-tablet elementor-widget elementor-widget-image\" data-id=\"1bc8462\" data-element_type=\"widget\" data-e-type=\"widget\" data-widget_type=\"image.default\">\n\t\t\t\t<div class=\"elementor-widget-container\">\n\t\t\t\t\t\t\t\t\t\t\t\t\t\t\t<img decoding=\"async\" width=\"1156\" height=\"660\" src=\"https:\/\/pridewinnipeg.com\/wp-content\/uploads\/2021\/07\/Banner-3.3-2.png\" class=\"attachment-full size-full wp-image-3094\" alt=\"\" srcset=\"https:\/\/pridewinnipeg.com\/wp-content\/uploads\/2021\/07\/Banner-3.3-2.png 1156w, https:\/\/pridewinnipeg.com\/wp-content\/uploads\/2021\/07\/Banner-3.3-2-300x171.png 300w, https:\/\/pridewinnipeg.com\/wp-content\/uploads\/2021\/07\/Banner-3.3-2-1024x585.png 1024w, https:\/\/pridewinnipeg.com\/wp-content\/uploads\/2021\/07\/Banner-3.3-2-768x438.png 768w, https:\/\/pridewinnipeg.com\/wp-content\/uploads\/2021\/07\/Banner-3.3-2-16x9.png 16w\" sizes=\"(max-width: 1156px) 100vw, 1156px\" \/>\t\t\t\t\t\t\t\t\t\t\t\t\t\t\t<\/div>\n\t\t\t\t<\/div>\n\t\t\t\t<div class=\"elementor-element elementor-element-1739788 elementor-widget elementor-widget-heading\" data-id=\"1739788\" data-element_type=\"widget\" data-e-type=\"widget\" data-widget_type=\"heading.default\">\n\t\t\t\t<div class=\"elementor-widget-container\">\n\t\t\t\t\t<h1 class=\"elementor-heading-title elementor-size-default\">Marketing et m\u00e9dias<\/h1>\t\t\t\t<\/div>\n\t\t\t\t<\/div>\n\t\t\t\t<div class=\"elementor-element elementor-element-3e72005 elementor-widget elementor-widget-heading\" data-id=\"3e72005\" data-element_type=\"widget\" data-e-type=\"widget\" data-widget_type=\"heading.default\">\n\t\t\t\t<div class=\"elementor-widget-container\">\n\t\t\t\t\t<h1 class=\"elementor-heading-title elementor-size-default\">\u2013<\/h1>\t\t\t\t<\/div>\n\t\t\t\t<\/div>\n\t\t\t\t<div class=\"elementor-element elementor-element-a0ef540 elementor-widget elementor-widget-text-editor\" data-id=\"a0ef540\" data-element_type=\"widget\" data-e-type=\"widget\" data-widget_type=\"text-editor.default\">\n\t\t\t\t<div class=\"elementor-widget-container\">\n\t\t\t\t\t\t\t\t\t<p>Retrouvez tout ce qui concerne notre marque, les possibilit\u00e9s publicitaires et de commandite, ainsi que nos communiqu\u00e9s de presse les plus r\u00e9cents.<\/p>\t\t\t\t\t\t\t\t<\/div>\n\t\t\t\t<\/div>\n\t\t\t\t<div class=\"elementor-element elementor-element-559719c elementor-widget elementor-widget-heading\" data-id=\"559719c\" data-element_type=\"widget\" data-e-type=\"widget\" data-widget_type=\"heading.default\">\n\t\t\t\t<div class=\"elementor-widget-container\">\n\t\t\t\t\t<h2 class=\"elementor-heading-title elementor-size-default\">MARQUE<\/h2>\t\t\t\t<\/div>\n\t\t\t\t<\/div>\n\t\t\t\t<div class=\"elementor-element elementor-element-fa76af8 elementor-widget elementor-widget-text-editor\" data-id=\"fa76af8\" data-element_type=\"widget\" data-e-type=\"widget\" data-widget_type=\"text-editor.default\">\n\t\t\t\t<div class=\"elementor-widget-container\">\n\t\t\t\t\t\t\t\t\t<p class=\"p2\">At Pride Winnipeg, we strive to be active listeners of the 2SLGBTQ+ community, their needs, wants, fights, and victories. Learning from our community has made us who we are: resilient, vibrant, inclusive, and accessible.<\/p><p class=\"p2\">Il s\u2019agit de la marque de Fiert\u00e9 Winnipeg. Une marque qui est facile \u00e0 comprendre et qui correspond \u00e0 ce que notre communaut\u00e9 trouve important. Une marque qui refl\u00e8te les couleurs de la diversit\u00e9 et qui trace le portrait du mouvement aujourd'hui.<\/p>\t\t\t\t\t\t\t\t<\/div>\n\t\t\t\t<\/div>\n\t\t\t\t<section class=\"elementor-section elementor-inner-section elementor-element elementor-element-e7f03a1 elementor-section-boxed elementor-section-height-default elementor-section-height-default\" data-id=\"e7f03a1\" data-element_type=\"section\" data-e-type=\"section\">\n\t\t\t\t\t\t<div class=\"elementor-container elementor-column-gap-default\">\n\t\t\t\t\t<div class=\"elementor-column elementor-col-50 elementor-inner-column elementor-element elementor-element-25dc1f1\" data-id=\"25dc1f1\" data-element_type=\"column\" data-e-type=\"column\">\n\t\t\t<div class=\"elementor-widget-wrap elementor-element-populated\">\n\t\t\t\t\t\t<div class=\"elementor-element elementor-element-28c1f79 elementor-widget elementor-widget-eael-creative-button\" data-id=\"28c1f79\" data-element_type=\"widget\" data-e-type=\"widget\" data-widget_type=\"eael-creative-button.default\">\n\t\t\t\t<div class=\"elementor-widget-container\">\n\t\t\t\t\t        <div class=\"eael-creative-button-wrapper\">\n\n            <a class=\"eael-creative-button eael-creative-button--default eael-cb-icon-position-\"  href=\"https:\/\/pridewinnipeg.com\/wp-content\/uploads\/2021\/05\/Pride-Winnipeg-Brand-Book.pdf\" data-text=\"Go!\">\n            \t    \n                <div class=\"creative-button-inner\">\n\n                    \n                    <span class=\"cretive-button-text\">DOWNLOAD BRAND BOOK<\/span>\n\n                                    <\/div>\n\t                        <\/a>\n        <\/div>\n        \t\t\t\t<\/div>\n\t\t\t\t<\/div>\n\t\t\t\t\t<\/div>\n\t\t<\/div>\n\t\t\t\t<div class=\"elementor-column elementor-col-50 elementor-inner-column elementor-element elementor-element-983beeb\" data-id=\"983beeb\" data-element_type=\"column\" data-e-type=\"column\">\n\t\t\t<div class=\"elementor-widget-wrap elementor-element-populated\">\n\t\t\t\t\t\t<div class=\"elementor-element elementor-element-0d9a5c0 elementor-widget elementor-widget-eael-creative-button\" data-id=\"0d9a5c0\" data-element_type=\"widget\" data-e-type=\"widget\" data-widget_type=\"eael-creative-button.default\">\n\t\t\t\t<div class=\"elementor-widget-container\">\n\t\t\t\t\t        <div class=\"eael-creative-button-wrapper\">\n\n            <a class=\"eael-creative-button eael-creative-button--default eael-cb-icon-position-\"  href=\"https:\/\/pridewinnipeg.com\/wp-content\/uploads\/2021\/07\/Pride-Winnipeg-Logo-Package.zip\" data-text=\"Go!\">\n            \t    \n                <div class=\"creative-button-inner\">\n\n                    \n                    <span class=\"cretive-button-text\">T\u00c9L\u00c9CHARGEZ NOS LOGOS<\/span>\n\n                                    <\/div>\n\t                        <\/a>\n        <\/div>\n        \t\t\t\t<\/div>\n\t\t\t\t<\/div>\n\t\t\t\t\t<\/div>\n\t\t<\/div>\n\t\t\t\t\t<\/div>\n\t\t<\/section>\n\t\t\t\t<div class=\"elementor-element elementor-element-a18050b elementor-widget elementor-widget-spacer\" data-id=\"a18050b\" data-element_type=\"widget\" data-e-type=\"widget\" data-widget_type=\"spacer.default\">\n\t\t\t\t<div class=\"elementor-widget-container\">\n\t\t\t\t\t\t\t<div class=\"elementor-spacer\">\n\t\t\t<div class=\"elementor-spacer-inner\"><\/div>\n\t\t<\/div>\n\t\t\t\t\t\t<\/div>\n\t\t\t\t<\/div>\n\t\t\t\t\t<\/div>\n\t\t<\/div>\n\t\t\t\t\t<\/div>\n\t\t<\/section>\n\t\t\t\t<section class=\"elementor-section elementor-top-section elementor-element elementor-element-276620b elementor-section-boxed elementor-section-height-default elementor-section-height-default\" data-id=\"276620b\" data-element_type=\"section\" data-e-type=\"section\">\n\t\t\t\t\t\t<div class=\"elementor-container elementor-column-gap-default\">\n\t\t\t\t\t<div class=\"elementor-column elementor-col-100 elementor-top-column elementor-element elementor-element-1cd53d7\" data-id=\"1cd53d7\" data-element_type=\"column\" data-e-type=\"column\">\n\t\t\t<div class=\"elementor-widget-wrap elementor-element-populated\">\n\t\t\t\t\t\t<div class=\"elementor-element elementor-element-ed3353d elementor-widget elementor-widget-spacer\" data-id=\"ed3353d\" data-element_type=\"widget\" data-e-type=\"widget\" data-widget_type=\"spacer.default\">\n\t\t\t\t<div class=\"elementor-widget-container\">\n\t\t\t\t\t\t\t<div class=\"elementor-spacer\">\n\t\t\t<div class=\"elementor-spacer-inner\"><\/div>\n\t\t<\/div>\n\t\t\t\t\t\t<\/div>\n\t\t\t\t<\/div>\n\t\t\t\t<div class=\"elementor-element elementor-element-fc8c165 elementor-widget elementor-widget-heading\" data-id=\"fc8c165\" data-element_type=\"widget\" data-e-type=\"widget\" data-widget_type=\"heading.default\">\n\t\t\t\t<div class=\"elementor-widget-container\">\n\t\t\t\t\t<h2 class=\"elementor-heading-title elementor-size-default\">COMMUNIQU\u00c9S DE PRESSE<\/h2>\t\t\t\t<\/div>\n\t\t\t\t<\/div>\n\t\t\t\t<section class=\"elementor-section elementor-inner-section elementor-element elementor-element-d407af1 elementor-section-boxed elementor-section-height-default elementor-section-height-default\" data-id=\"d407af1\" data-element_type=\"section\" data-e-type=\"section\">\n\t\t\t\t\t\t<div class=\"elementor-container elementor-column-gap-default\">\n\t\t\t\t\t<div class=\"elementor-column elementor-col-100 elementor-inner-column elementor-element elementor-element-90b746d\" data-id=\"90b746d\" data-element_type=\"column\" data-e-type=\"column\">\n\t\t\t<div class=\"elementor-widget-wrap elementor-element-populated\">\n\t\t\t\t\t\t<div class=\"elementor-element elementor-element-859792a elementor-widget elementor-widget-text-editor\" data-id=\"859792a\" data-element_type=\"widget\" data-e-type=\"widget\" data-widget_type=\"text-editor.default\">\n\t\t\t\t<div class=\"elementor-widget-container\">\n\t\t\t\t\t\t\t\t\t<p><a  href=\"https:\/\/pridewinnipeg.com\/wp-content\/uploads\/2021\/08\/2021-08-30-News-Release-Pride-Winnipeg-Queer-Beer.pdf\"><strong>NEWS RELEASE<\/strong>: August 30, 2021 &#8211; Queer Beer<\/a><\/p><p><a  href=\"https:\/\/pridewinnipeg.com\/f\/?goto=AB8SHFxaHhIZFBQBEgYbAxsDAR0DAAQYGRkSDxURAA0FGAECBUkbCghABktaRkoHAFlbVEIBVQdLWVBFEg0AWgEPWyURNGNTKAM1RQMFLh4xLgtqJFkhOjURRjcBIl0BWFgDAk8-ISAPOVgGBwgKZ2kUCRgoXBBXE15QCyVaJQY\"><strong>SUPPLEMENT<\/strong>: August 28, 2021 &#8211; Winnipeg Free Press &#8211; Pride Winnipeg 2021<\/a><\/p><p><a  href=\"https:\/\/pridewinnipeg.com\/f\/?goto=AB8SHBVPHk0bAQ9GBRUGGgcMBEUNRwkZHUYbDxEXFEUFGA0VE0oeABYbBhIKHgkeWB8ADB5VSkIMDUgNGx0PUkVeV1RTQAZT\"><strong>ARTICLE<\/strong>: June 14, 2021 &#8211; LGBTQ+ Festivals Around the World<\/a><\/p><p><a  href=\"https:\/\/pridewinnipeg.com\/wp-content\/uploads\/2021\/06\/Press-Release-Pride-2021-Dates.pdf\"><strong>NEWS RELEASE<\/strong>: February 2, 2021 &#8211; Pride Festival 2021<\/a><\/p>\t\t\t\t\t\t\t\t<\/div>\n\t\t\t\t<\/div>\n\t\t\t\t\t<\/div>\n\t\t<\/div>\n\t\t\t\t\t<\/div>\n\t\t<\/section>\n\t\t\t\t<div class=\"elementor-element elementor-element-296fcee elementor-widget elementor-widget-html\" data-id=\"296fcee\" data-element_type=\"widget\" data-e-type=\"widget\" data-widget_type=\"html.default\">\n\t\t\t\t<div class=\"elementor-widget-container\">\n\t\t\t\t\t<a  href=\"https:\/\/pridewinnipeg.com\/f\/?goto=AB8SHBVPHk0bAQ9GBRUGGgcMBEUNRwkZHUYbDxEXFEUFGA0VE0oeABYbBhIKHgkeWB8ADB5VSkIMDUgNGx0PUkVeV1RTQAZT\"><img decoding=\"async\" src=\"https:\/\/fthmb.tqn.com\/_WTIMdtfY4o-PVdAKheo_jUUuw8=\/TripSavvy_Badge-Recommends-400-5c8fcb3346e0fb00017700eb.png\" alt=\"TripSavvy Recommends\" height=\"100\" width=\"100\" style=\"margin-right:50px;\"\/><\/a>\n<a  href=\"https:\/\/pridewinnipeg.com\/f\/?goto=AB8SHBVPHk0bAQ9GGAkbDwYdAFoQDEQZAg5Y\"><img loading=\"lazy\" decoding=\"async\" src=\"https:\/\/pridewinnipeg.com\/wp-content\/uploads\/2021\/07\/IP2021-members-K-scaled.jpg\" alt=\"TripSavvy Recommends\" height=\"100\" width=\"200\"\/><\/a>\t\t\t\t<\/div>\n\t\t\t\t<\/div>\n\t\t\t\t<div class=\"elementor-element elementor-element-ae031ec elementor-widget elementor-widget-spacer\" data-id=\"ae031ec\" data-element_type=\"widget\" data-e-type=\"widget\" data-widget_type=\"spacer.default\">\n\t\t\t\t<div class=\"elementor-widget-container\">\n\t\t\t\t\t\t\t<div class=\"elementor-spacer\">\n\t\t\t<div class=\"elementor-spacer-inner\"><\/div>\n\t\t<\/div>\n\t\t\t\t\t\t<\/div>\n\t\t\t\t<\/div>\n\t\t\t\t<div class=\"elementor-element elementor-element-61b138f elementor-widget elementor-widget-heading\" data-id=\"61b138f\" data-element_type=\"widget\" data-e-type=\"widget\" data-widget_type=\"heading.default\">\n\t\t\t\t<div class=\"elementor-widget-container\">\n\t\t\t\t\t<h2 class=\"elementor-heading-title elementor-size-default\">PARTICIPER<\/h2>\t\t\t\t<\/div>\n\t\t\t\t<\/div>\n\t\t\t\t<div class=\"elementor-element elementor-element-4fb9cfb elementor-widget elementor-widget-spacer\" data-id=\"4fb9cfb\" data-element_type=\"widget\" data-e-type=\"widget\" data-widget_type=\"spacer.default\">\n\t\t\t\t<div class=\"elementor-widget-container\">\n\t\t\t\t\t\t\t<div class=\"elementor-spacer\">\n\t\t\t<div class=\"elementor-spacer-inner\"><\/div>\n\t\t<\/div>\n\t\t\t\t\t\t<\/div>\n\t\t\t\t<\/div>\n\t\t\t\t\t<\/div>\n\t\t<\/div>\n\t\t\t\t\t<\/div>\n\t\t<\/section>\n\t\t\t\t<section class=\"elementor-section elementor-inner-section elementor-element elementor-element-1d7bfa8 elementor-section-boxed elementor-section-height-default elementor-section-height-default\" data-id=\"1d7bfa8\" data-element_type=\"section\" data-e-type=\"section\" data-settings=\"{&quot;background_background&quot;:&quot;classic&quot;}\">\n\t\t\t\t\t\t<div class=\"elementor-container elementor-column-gap-default\">\n\t\t\t\t\t<div class=\"elementor-column elementor-col-50 elementor-inner-column elementor-element elementor-element-509fed5\" data-id=\"509fed5\" data-element_type=\"column\" data-e-type=\"column\" data-settings=\"{&quot;background_background&quot;:&quot;classic&quot;,&quot;animation&quot;:&quot;none&quot;}\">\n\t\t\t<div class=\"elementor-widget-wrap elementor-element-populated\">\n\t\t\t\t\t\t<div class=\"elementor-element elementor-element-034c209 elementor-widget elementor-widget-image\" data-id=\"034c209\" data-element_type=\"widget\" data-e-type=\"widget\" data-widget_type=\"image.default\">\n\t\t\t\t<div class=\"elementor-widget-container\">\n\t\t\t\t\t\t\t\t\t\t\t\t\t\t\t\t<a  href=\"https:\/\/pridewinnipeg.com\/f\/?goto=AB8SHFxaHhIeHxwNBg4BBB0dF1RaCgUbXxoHBx0QChoGAg0BWw4WAwo\">\n\t\t\t\t\t\t\t<img loading=\"lazy\" decoding=\"async\" width=\"800\" height=\"534\" src=\"https:\/\/pridewinnipeg.com\/wp-content\/uploads\/2021\/07\/170603-AG-3292.jpg\" class=\"attachment-full size-full wp-image-2855\" alt=\"sponsor tent\" srcset=\"https:\/\/pridewinnipeg.com\/wp-content\/uploads\/2021\/07\/170603-AG-3292.jpg 800w, https:\/\/pridewinnipeg.com\/wp-content\/uploads\/2021\/07\/170603-AG-3292-300x200.jpg 300w, https:\/\/pridewinnipeg.com\/wp-content\/uploads\/2021\/07\/170603-AG-3292-768x513.jpg 768w, https:\/\/pridewinnipeg.com\/wp-content\/uploads\/2021\/07\/170603-AG-3292-16x12.jpg 16w\" sizes=\"(max-width: 800px) 100vw, 800px\" \/>\t\t\t\t\t\t\t\t<\/a>\n\t\t\t\t\t\t\t\t\t\t\t\t\t\t\t<\/div>\n\t\t\t\t<\/div>\n\t\t\t\t<div class=\"elementor-element elementor-element-8fb9d3b elementor-widget elementor-widget-heading\" data-id=\"8fb9d3b\" data-element_type=\"widget\" data-e-type=\"widget\" data-widget_type=\"heading.default\">\n\t\t\t\t<div class=\"elementor-widget-container\">\n\t\t\t\t\t<h3 class=\"elementor-heading-title elementor-size-default\"><a  href=\"https:\/\/pridewinnipeg.com\/f\/?goto=AB8SHFxaHhIeHxwNBg4BBB0dF1RaCgUbXxoHBx0QChoGAg0BWw4WAwo\">Commandite<\/a><\/h3>\t\t\t\t<\/div>\n\t\t\t\t<\/div>\n\t\t\t\t\t<\/div>\n\t\t<\/div>\n\t\t\t\t<div class=\"elementor-column elementor-col-50 elementor-inner-column elementor-element elementor-element-8093f61\" data-id=\"8093f61\" data-element_type=\"column\" data-e-type=\"column\" data-settings=\"{&quot;background_background&quot;:&quot;classic&quot;,&quot;animation&quot;:&quot;none&quot;}\">\n\t\t\t<div class=\"elementor-widget-wrap elementor-element-populated\">\n\t\t\t\t\t\t<div class=\"elementor-element elementor-element-b91bed6 elementor-widget elementor-widget-image\" data-id=\"b91bed6\" data-element_type=\"widget\" data-e-type=\"widget\" data-widget_type=\"image.default\">\n\t\t\t\t<div class=\"elementor-widget-container\">\n\t\t\t\t\t\t\t\t\t\t\t\t\t\t\t\t<a  href=\"https:\/\/pridewinnipeg.com\/f\/?goto=AB8SHFxaHhIeHxwNBg4BBB0dF1RaCgUbXwgTHhYREQEGAwoW\">\n\t\t\t\t\t\t\t<img loading=\"lazy\" decoding=\"async\" width=\"800\" height=\"534\" src=\"https:\/\/pridewinnipeg.com\/wp-content\/uploads\/2021\/07\/PrideParade06-02-2019-15-of-72.jpg\" class=\"attachment-full size-full wp-image-2854\" alt=\"person parading in pride costume holding an umbrella\" srcset=\"https:\/\/pridewinnipeg.com\/wp-content\/uploads\/2021\/07\/PrideParade06-02-2019-15-of-72.jpg 800w, https:\/\/pridewinnipeg.com\/wp-content\/uploads\/2021\/07\/PrideParade06-02-2019-15-of-72-300x200.jpg 300w, https:\/\/pridewinnipeg.com\/wp-content\/uploads\/2021\/07\/PrideParade06-02-2019-15-of-72-768x513.jpg 768w, https:\/\/pridewinnipeg.com\/wp-content\/uploads\/2021\/07\/PrideParade06-02-2019-15-of-72-16x12.jpg 16w\" sizes=\"(max-width: 800px) 100vw, 800px\" \/>\t\t\t\t\t\t\t\t<\/a>\n\t\t\t\t\t\t\t\t\t\t\t\t\t\t\t<\/div>\n\t\t\t\t<\/div>\n\t\t\t\t<div class=\"elementor-element elementor-element-f3e7d19 elementor-widget elementor-widget-heading\" data-id=\"f3e7d19\" data-element_type=\"widget\" data-e-type=\"widget\" data-widget_type=\"heading.default\">\n\t\t\t\t<div class=\"elementor-widget-container\">\n\t\t\t\t\t<h3 class=\"elementor-heading-title elementor-size-default\"><a  href=\"https:\/\/pridewinnipeg.com\/f\/?goto=AB8SHFxaHhIeHxwNBg4BBB0dF1RaCgUbXwgTHhYREQEGAwoW\">Publicit\u00e9<\/a><\/h3>\t\t\t\t<\/div>\n\t\t\t\t<\/div>\n\t\t\t\t\t<\/div>\n\t\t<\/div>\n\t\t\t\t\t<\/div>\n\t\t<\/section>\n\t\t\t\t<\/div>","protected":false},"excerpt":{"rendered":"<p>MARKETING AND MEDIA \u2013 Find everything about our brand, ways to get involved through sponsorship and advertising, and our most recent media releases. BRAND At&hellip;<\/p>","protected":false},"author":1,"featured_media":0,"parent":0,"menu_order":0,"comment_status":"closed","ping_status":"closed","template":"","meta":{"_exactmetrics_skip_tracking":false,"_exactmetrics_sitenote_active":false,"_exactmetrics_sitenote_note":"","_exactmetrics_sitenote_category":0,"footnotes":""},"class_list":["post-1612","page","type-page","status-publish","hentry"],"_links":{"self":[{"href":"https:\/\/pridewinnipeg.com\/f\/wp-json\/wp\/v2\/pages\/1612","targetHints":{"allow":["GET"]}}],"collection":[{"href":"https:\/\/pridewinnipeg.com\/f\/wp-json\/wp\/v2\/pages"}],"about":[{"href":"https:\/\/pridewinnipeg.com\/f\/wp-json\/wp\/v2\/types\/page"}],"author":[{"embeddable":true,"href":"https:\/\/pridewinnipeg.com\/f\/wp-json\/wp\/v2\/users\/1"}],"replies":[{"embeddable":true,"href":"https:\/\/pridewinnipeg.com\/f\/wp-json\/wp\/v2\/comments?post=1612"}],"version-history":[{"count":60,"href":"https:\/\/pridewinnipeg.com\/f\/wp-json\/wp\/v2\/pages\/1612\/revisions"}],"predecessor-version":[{"id":5247,"href":"https:\/\/pridewinnipeg.com\/f\/wp-json\/wp\/v2\/pages\/1612\/revisions\/5247"}],"wp:attachment":[{"href":"https:\/\/pridewinnipeg.com\/f\/wp-json\/wp\/v2\/media?parent=1612"}],"curies":[{"name":"wp","href":"https:\/\/api.w.org\/{rel}","templated":true}]}}