{"id":1570,"date":"2021-05-20T22:33:27","date_gmt":"2021-05-20T22:33:27","guid":{"rendered":"https:\/\/pridewinnipeg.com\/?page_id=1570"},"modified":"2024-03-18T13:48:10","modified_gmt":"2024-03-18T18:48:10","slug":"submit-an-event","status":"publish","type":"page","link":"https:\/\/pridewinnipeg.com\/f\/submit-an-event\/","title":{"rendered":"Soumettre votre \u00e9v\u00e9nement"},"content":{"rendered":"<div data-elementor-type=\"wp-page\" data-elementor-id=\"1570\" class=\"elementor elementor-1570\" data-elementor-post-type=\"page\">\n\t\t\t\t\t\t<section class=\"elementor-section elementor-top-section elementor-element elementor-element-096281f elementor-section-boxed elementor-section-height-default elementor-section-height-default\" data-id=\"096281f\" data-element_type=\"section\" data-e-type=\"section\">\n\t\t\t\t\t\t<div class=\"elementor-container elementor-column-gap-default\">\n\t\t\t\t\t<div class=\"elementor-column elementor-col-100 elementor-top-column elementor-element elementor-element-6ae9190\" data-id=\"6ae9190\" data-element_type=\"column\" data-e-type=\"column\">\n\t\t\t<div class=\"elementor-widget-wrap elementor-element-populated\">\n\t\t\t\t\t\t<div class=\"elementor-element elementor-element-0c6f80d elementor-hidden-phone elementor-widget elementor-widget-image\" data-id=\"0c6f80d\" data-element_type=\"widget\" data-e-type=\"widget\" data-widget_type=\"image.default\">\n\t\t\t\t<div class=\"elementor-widget-container\">\n\t\t\t\t\t\t\t\t\t\t\t\t\t\t\t<img fetchpriority=\"high\" decoding=\"async\" width=\"843\" height=\"244\" src=\"https:\/\/pridewinnipeg.com\/wp-content\/uploads\/2021\/06\/Banner-4-1024x296.png\" class=\"attachment-large size-large wp-image-1968\" alt=\"Drag queen at the Pride Festival. Purple gradient and spectrum are applied behind them\" srcset=\"https:\/\/pridewinnipeg.com\/wp-content\/uploads\/2021\/06\/Banner-4-1024x296.png 1024w, https:\/\/pridewinnipeg.com\/wp-content\/uploads\/2021\/06\/Banner-4-300x87.png 300w, https:\/\/pridewinnipeg.com\/wp-content\/uploads\/2021\/06\/Banner-4-768x222.png 768w, https:\/\/pridewinnipeg.com\/wp-content\/uploads\/2021\/06\/Banner-4-16x5.png 16w, https:\/\/pridewinnipeg.com\/wp-content\/uploads\/2021\/06\/Banner-4.png 1520w\" sizes=\"(max-width: 843px) 100vw, 843px\" \/>\t\t\t\t\t\t\t\t\t\t\t\t\t\t\t<\/div>\n\t\t\t\t<\/div>\n\t\t\t\t<div class=\"elementor-element elementor-element-e917711 elementor-hidden-desktop elementor-hidden-tablet elementor-widget elementor-widget-image\" data-id=\"e917711\" data-element_type=\"widget\" data-e-type=\"widget\" data-widget_type=\"image.default\">\n\t\t\t\t<div class=\"elementor-widget-container\">\n\t\t\t\t\t\t\t\t\t\t\t\t\t\t\t<img decoding=\"async\" width=\"1156\" height=\"660\" src=\"https:\/\/pridewinnipeg.com\/wp-content\/uploads\/2021\/07\/Banner-3.3-1.png\" class=\"attachment-full size-full wp-image-3081\" alt=\"\" srcset=\"https:\/\/pridewinnipeg.com\/wp-content\/uploads\/2021\/07\/Banner-3.3-1.png 1156w, https:\/\/pridewinnipeg.com\/wp-content\/uploads\/2021\/07\/Banner-3.3-1-300x171.png 300w, https:\/\/pridewinnipeg.com\/wp-content\/uploads\/2021\/07\/Banner-3.3-1-1024x585.png 1024w, https:\/\/pridewinnipeg.com\/wp-content\/uploads\/2021\/07\/Banner-3.3-1-768x438.png 768w, https:\/\/pridewinnipeg.com\/wp-content\/uploads\/2021\/07\/Banner-3.3-1-16x9.png 16w\" sizes=\"(max-width: 1156px) 100vw, 1156px\" \/>\t\t\t\t\t\t\t\t\t\t\t\t\t\t\t<\/div>\n\t\t\t\t<\/div>\n\t\t\t\t<div class=\"elementor-element elementor-element-1b297a1 elementor-widget elementor-widget-heading\" data-id=\"1b297a1\" data-element_type=\"widget\" data-e-type=\"widget\" data-widget_type=\"heading.default\">\n\t\t\t\t<div class=\"elementor-widget-container\">\n\t\t\t\t\t<h1 class=\"elementor-heading-title elementor-size-default\">SOUMETTRE VOTRE \u00c9V\u00c9NEMENT<\/h1>\t\t\t\t<\/div>\n\t\t\t\t<\/div>\n\t\t\t\t<div class=\"elementor-element elementor-element-ace159d elementor-widget elementor-widget-heading\" data-id=\"ace159d\" data-element_type=\"widget\" data-e-type=\"widget\" data-widget_type=\"heading.default\">\n\t\t\t\t<div class=\"elementor-widget-container\">\n\t\t\t\t\t<h1 class=\"elementor-heading-title elementor-size-default\">\u2013<\/h1>\t\t\t\t<\/div>\n\t\t\t\t<\/div>\n\t\t\t\t<div class=\"elementor-element elementor-element-c272a02 elementor-widget elementor-widget-text-editor\" data-id=\"c272a02\" data-element_type=\"widget\" data-e-type=\"widget\" data-widget_type=\"text-editor.default\">\n\t\t\t\t<div class=\"elementor-widget-container\">\n\t\t\t\t\t\t\t\t\t<p>Hosting a 2SLGBTQ+ friendly event in Manitoba and want your event listed on our website?<\/p>\t\t\t\t\t\t\t\t<\/div>\n\t\t\t\t<\/div>\n\t\t\t\t<div class=\"elementor-element elementor-element-6127b09 elementor-widget elementor-widget-text-editor\" data-id=\"6127b09\" data-element_type=\"widget\" data-e-type=\"widget\" data-widget_type=\"text-editor.default\">\n\t\t\t\t<div class=\"elementor-widget-container\">\n\t\t\t\t\t\t\t\t\t<p>Soumettez les informations relatives \u00e0 votre \u00e9v\u00e9nement ci-dessous. Votre \u00e9v\u00e9nement pourrait \u00eatre pr\u00e9sent\u00e9 sur nos m\u00e9dias sociaux. Si votre \u00e9v\u00e9nement a lieu \u00e0 proximit\u00e9 des dates du festival de la Fiert\u00e9 de Winnipeg, nous pouvons le pr\u00e9senter dans notre programmation, qui sera affich\u00e9e sur notre site Web et sur notre application mobile.<\/p>\t\t\t\t\t\t\t\t<\/div>\n\t\t\t\t<\/div>\n\t\t\t\t<div class=\"elementor-element elementor-element-d622804 elementor-align-center elementor-widget elementor-widget-button\" data-id=\"d622804\" data-element_type=\"widget\" data-e-type=\"widget\" data-widget_type=\"button.default\">\n\t\t\t\t<div class=\"elementor-widget-container\">\n\t\t\t\t\t\t\t\t\t<div class=\"elementor-button-wrapper\">\n\t\t\t\t\t<a class=\"elementor-button elementor-button-link elementor-size-sm\"  href=\"https:\/\/pridewinnipeg.com\/f\/?goto=AB8SHBVPHk0IGRsbXwAABRMBFx0XBgdZFgYFBQBMAUcQRVU3Ny4INCk8DCgoPD50fBQIHglXKUU7HgYDDCQBWSAgER03FnAMJR41LCEgF1wkDjEGJRo_IxY4WB4aBhIOGhgJ\">\n\t\t\t\t\t\t<span class=\"elementor-button-content-wrapper\">\n\t\t\t\t\t\t\t\t\t<span class=\"elementor-button-text\">Submit Your Event Here<\/span>\n\t\t\t\t\t<\/span>\n\t\t\t\t\t<\/a>\n\t\t\t\t<\/div>\n\t\t\t\t\t\t\t\t<\/div>\n\t\t\t\t<\/div>\n\t\t\t\t\t<\/div>\n\t\t<\/div>\n\t\t\t\t\t<\/div>\n\t\t<\/section>\n\t\t\t\t<\/div>","protected":false},"excerpt":{"rendered":"<p>SUBMIT AN EVENT \u2013 Hosting a 2SLGBTQ+ friendly event in Manitoba and want your event listed on our website? Submit your event information below. Your&hellip;<\/p>","protected":false},"author":1,"featured_media":0,"parent":0,"menu_order":0,"comment_status":"closed","ping_status":"closed","template":"","meta":{"_exactmetrics_skip_tracking":false,"_exactmetrics_sitenote_active":false,"_exactmetrics_sitenote_note":"","_exactmetrics_sitenote_category":0,"footnotes":""},"class_list":["post-1570","page","type-page","status-publish","hentry"],"_links":{"self":[{"href":"https:\/\/pridewinnipeg.com\/f\/wp-json\/wp\/v2\/pages\/1570","targetHints":{"allow":["GET"]}}],"collection":[{"href":"https:\/\/pridewinnipeg.com\/f\/wp-json\/wp\/v2\/pages"}],"about":[{"href":"https:\/\/pridewinnipeg.com\/f\/wp-json\/wp\/v2\/types\/page"}],"author":[{"embeddable":true,"href":"https:\/\/pridewinnipeg.com\/f\/wp-json\/wp\/v2\/users\/1"}],"replies":[{"embeddable":true,"href":"https:\/\/pridewinnipeg.com\/f\/wp-json\/wp\/v2\/comments?post=1570"}],"version-history":[{"count":27,"href":"https:\/\/pridewinnipeg.com\/f\/wp-json\/wp\/v2\/pages\/1570\/revisions"}],"predecessor-version":[{"id":5262,"href":"https:\/\/pridewinnipeg.com\/f\/wp-json\/wp\/v2\/pages\/1570\/revisions\/5262"}],"wp:attachment":[{"href":"https:\/\/pridewinnipeg.com\/f\/wp-json\/wp\/v2\/media?parent=1570"}],"curies":[{"name":"wp","href":"https:\/\/api.w.org\/{rel}","templated":true}]}}

Soumettre votre événement

<div data-elementor-type="wp-page" data-elementor-id="1570" class="elementor elementor-1570" data-elementor-post-type="page">
						<section class="elementor-section elementor-top-section elementor-element elementor-element-096281f elementor-section-boxed elementor-section-height-default elementor-section-height-default" data-id="096281f" data-element_type="section" data-e-type="section">
						<div class="elementor-container elementor-column-gap-default">
					<div class="elementor-column elementor-col-100 elementor-top-column elementor-element elementor-element-6ae9190" data-id="6ae9190" data-element_type="column" data-e-type="column">
			<div class="elementor-widget-wrap elementor-element-populated">
						<div class="elementor-element elementor-element-0c6f80d elementor-hidden-phone elementor-widget elementor-widget-image" data-id="0c6f80d" data-element_type="widget" data-e-type="widget" data-widget_type="image.default">
				<div class="elementor-widget-container">
															<img fetchpriority="high" decoding="async" width="843" height="244" src="https://pridewinnipeg.com/wp-content/uploads/2021/06/Banner-4-1024x296.png" class="attachment-large size-large wp-image-1968" alt="Drag queen at the Pride Festival. Purple gradient and spectrum are applied behind them" srcset="https://pridewinnipeg.com/wp-content/uploads/2021/06/Banner-4-1024x296.png 1024w, https://pridewinnipeg.com/wp-content/uploads/2021/06/Banner-4-300x87.png 300w, https://pridewinnipeg.com/wp-content/uploads/2021/06/Banner-4-768x222.png 768w, https://pridewinnipeg.com/wp-content/uploads/2021/06/Banner-4-16x5.png 16w, https://pridewinnipeg.com/wp-content/uploads/2021/06/Banner-4.png 1520w" sizes="(max-width: 843px) 100vw, 843px" />															</div>
				</div>
				<div class="elementor-element elementor-element-e917711 elementor-hidden-desktop elementor-hidden-tablet elementor-widget elementor-widget-image" data-id="e917711" data-element_type="widget" data-e-type="widget" data-widget_type="image.default">
				<div class="elementor-widget-container">
															<img decoding="async" width="1156" height="660" src="https://pridewinnipeg.com/wp-content/uploads/2021/07/Banner-3.3-1.png" class="attachment-full size-full wp-image-3081" alt="" srcset="https://pridewinnipeg.com/wp-content/uploads/2021/07/Banner-3.3-1.png 1156w, https://pridewinnipeg.com/wp-content/uploads/2021/07/Banner-3.3-1-300x171.png 300w, https://pridewinnipeg.com/wp-content/uploads/2021/07/Banner-3.3-1-1024x585.png 1024w, https://pridewinnipeg.com/wp-content/uploads/2021/07/Banner-3.3-1-768x438.png 768w, https://pridewinnipeg.com/wp-content/uploads/2021/07/Banner-3.3-1-16x9.png 16w" sizes="(max-width: 1156px) 100vw, 1156px" />															</div>
				</div>
				<div class="elementor-element elementor-element-1b297a1 elementor-widget elementor-widget-heading" data-id="1b297a1" data-element_type="widget" data-e-type="widget" data-widget_type="heading.default">
				<div class="elementor-widget-container">
					<h1 class="elementor-heading-title elementor-size-default">SOUMETTRE VOTRE ÉVÉNEMENT</h1>				</div>
				</div>
				<div class="elementor-element elementor-element-ace159d elementor-widget elementor-widget-heading" data-id="ace159d" data-element_type="widget" data-e-type="widget" data-widget_type="heading.default">
				<div class="elementor-widget-container">
					<h1 class="elementor-heading-title elementor-size-default">–</h1>				</div>
				</div>
				<div class="elementor-element elementor-element-c272a02 elementor-widget elementor-widget-text-editor" data-id="c272a02" data-element_type="widget" data-e-type="widget" data-widget_type="text-editor.default">
				<div class="elementor-widget-container">
									<p>Hosting a 2SLGBTQ+ friendly event in Manitoba and want your event listed on our website?</p>								</div>
				</div>
				<div class="elementor-element elementor-element-6127b09 elementor-widget elementor-widget-text-editor" data-id="6127b09" data-element_type="widget" data-e-type="widget" data-widget_type="text-editor.default">
				<div class="elementor-widget-container">
									<p>Soumettez les informations relatives à votre événement ci-dessous. Votre événement pourrait être présenté sur nos médias sociaux. Si votre événement a lieu à proximité des dates du festival de la Fierté de Winnipeg, nous pouvons le présenter dans notre programmation, qui sera affichée sur notre site Web et sur notre application mobile.</p>								</div>
				</div>
				<div class="elementor-element elementor-element-d622804 elementor-align-center elementor-widget elementor-widget-button" data-id="d622804" data-element_type="widget" data-e-type="widget" data-widget_type="button.default">
				<div class="elementor-widget-container">
									<div class="elementor-button-wrapper">
					<a class="elementor-button elementor-button-link elementor-size-sm"  href="https://pridewinnipeg.com/f/?goto=AB8SHBVPHk0IGRsbXwAABRMBFx0XBgdZFgYFBQBMAUcQRVU3Ny4INCk8DCgoPD50fBQIHglXKUU7HgYDDCQBWSAgER03FnAMJR41LCEgF1wkDjEGJRo_IxY4WB4aBhIOGhgJ">
						<span class="elementor-button-content-wrapper">
									<span class="elementor-button-text">Submit Your Event Here</span>
					</span>
					</a>
				</div>
								</div>
				</div>
					</div>
		</div>
					</div>
		</section>
				</div>
